
4
Let f(m) = 2*m - 4. Let s(d) = -3*d + 3. Let h(w) = 2*f(w) + 3*s(w). Determine h(1).
-4
Suppose 5*k = -25, -5*t - 5*k + 1 = 6. Suppose 0*r - t = r. Let a(o) = 6*o + 6. Let l(x) = -7*x - 7. Let y(j) = -6*a(j) - 5*l(j). Give y(r).
3
Suppose 5*i = -a + 9, 1 = 5*i - 4*i + a. Suppose 0 = -3*y - 2*m + 16 + 3, 2 = -i*m. Let o = 12 - y. Let l(b) = b**2 - 4*b - 1. Give l(o).
4
Let w(z) be the first derivative of -z**5/60 + z**4/24 - z**3/3 + 1. Let k(a) be the third derivative of w(a). Calculate k(5).
-9
Let k(h) = 15*h - 4. Let m(s) = 14*s - 3. Let l(p) = 2*k(p) - 3*m(p). Calculate l(1).
-11
Let r(i) be the third derivative of i**6/360 - 7*i**5/120 + i**4/4 - 5*i**3/6 - 2*i**2. Let x(p) be the first derivative of r(p). Give x(5).
-4
Let p(n) = n**2 + 4*n - 7. Let i be -1 - -2*(-4 - -3). Let j be (i/(-9))/(1/(-15)). Give p(j).
-2
Suppose -3*y + 4*u = -0*u + 3, 0 = -3*y - u + 12. Let i = -3 + y. Suppose -5*a + a = i. Let s(w) = w. Determine s(a).
0
Let f(t) = 9*t**3 - 3*t**2 - 9*t + 2. Let h(y) = -y**3 - 4*y**3 + 5*y - y + 2*y**2 + y - 1. Let w(i) = 4*f(i) + 7*h(i). Give w(-2).
3
Let d(u) = u - 4. Let w(v) = -4*v + 15. Let i(t) = -22*d(t) - 6*w(t). Give i(5).
8
Let b(n) = -9 + 2 + n + 0*n. Let u be b(4). Let y(f) = -f**3 - 3*f**2 + 3. What is y(u)?
3
Let t(s) = -5*s + 4*s + 2 + 0. Give t(4).
-2
Suppose 0 = 4*x - 4. Let n(c) = -3*c - 3*c - 7 + x + 5*c. Determine n(-6).
0
Let l(y) = -y - 5. Let u be l(-7). Let v(n) = 3*n - n**2 - n**3 + 3 - u + 2*n**2. Determine v(-2).
7
Suppose -10 = -3*d - d - 2*r, 0 = 4*d - 4*r - 4. Let h(z) = -2*z - 1. Calculate h(d).
-5
Let l(u) = 20*u**2 + 3*u - 6. Let q(p) = -7*p**2 - p + 2. Let b(c) = -6*l(c) - 17*q(c). Let j = 18 - 12. Let h = j + -8. Determine b(h).
0
Let w(u) = -u**2 - 5*u + 1. Suppose 2*h + 2*m = -2*m - 26, -27 = 3*h + 3*m. Give w(h).
1
Let o(h) = -h**3 - h**2 + h + 3. Suppose 18*d = 17*d - 3. What is o(d)?
18
Let n(k) be the third derivative of k**5/15 - k**4/8 + 5*k**3/6 + 3*k**2. Let u(w) = w**2 + 1. Let h(a) = n(a) - 5*u(a). What is h(-3)?
0
Let a(g) be the second derivative of -g**4/12 + g**2 + 2*g. Let p(z) be the first derivative of a(z). Suppose 7 = l + 3. Calculate p(l).
-8
Suppose -6*u + 2*u - 7 = 5*g, 0 = 2*u + 2*g + 6. Let k(h) = -h**3 - 8*h**2 - 2*h - 9. Determine k(u).
7
Let w(d) = 4*d**3 - 11*d**2 - 2*d - 7. Let j(k) = 3*k**3 - 10*k**2 - 2*k - 7. Let i(y) = 5*j(y) - 4*w(y). Let l be 100/(-15) - (-4)/6. Calculate i(l).
5
Let m(a) = a. Suppose -4*d + 19 = 5*h, -11 - 4 = -4*h - 3*d. Suppose -h*u = 4*t + t + 42, t = -3*u - 18. Calculate m(t).
-6
Let q(v) be the first derivative of v**3/3 - v**2/2 + v - 3. Let s be 9*-3*2/(-18). What is q(s)?
7
Let l(z) = -z**3 + 5*z**2 - 3. Let v = 15 - 15. Suppose -i + 1 + 4 = v. Determine l(i).
-3
Let l(m) = -14*m**2 + 10*m - 1. Let c(o) = -12*o**2 + 9*o - 1. Let s(p) = 6*c(p) - 5*l(p). Calculate s(3).
-7
Suppose -2*w + 2*j + 2 + 6 = 0, 2*w + 27 = -5*j. Let u be (2/(-4))/(w/(-10)). Let o(c) be the third derivative of -c**4/24 - c**3/3 + 3*c**2. Give o(u).
3
Let f(o) = o**2 + 4*o - 4. Let w(k) = -k + 7. Let c be w(-5). Let l be (-2)/(-15) + (-116)/(-30). Suppose -i + c = -l*i. What is f(i)?
-4
Let x(k) = 5*k - 2. Suppose -9 = -3*m - 0*m. Let g = m + -1. Calculate x(g).
8
Suppose 2*p + 9 = -3. Let t(b) be the second derivative of -b**3/6 + b**2/2 + 8*b. Give t(p).
7
Let t(f) = -20*f**2 - 44. Let n(r) = -7*r**2 - 15. Let o(b) = 17*n(b) - 6*t(b). Suppose 4*g + 4*j + 1 - 13 = 0, j = 3. Determine o(g).
9
Let w(f) = f. Let q be -3 + 2/(-6)*-3. Give w(q).
-2
Let o = -13 + 8. Suppose 0 = -0*k - k + 5*u + 24, 5*u + 28 = 2*k. Let x(h) = -3 + 5*h + 0 + h**2 + k. Determine x(o).
1
Let v = -13 + 6. Let q = 13 + v. Suppose -3*o = -9 - q. Let k(z) = -z**3 + 4*z**2 + 7*z - 7. Give k(o).
3
Let h(o) = -7*o**2 - 17*o + 7. Let n be h(-3). Let y(p) = p**2 + 6*p - 6. Determine y(n).
-11
Let r(v) be the first derivative of 5*v**2/2 - v - 2. Let h be 1/(-2) + 24/16. Calculate r(h).
4
Let r be 4*((-3)/6 - -1). Let j(v) = 1 + 3*v - r*v - 2*v - v. Calculate j(2).
-3
Suppose 9 = -3*i, -3*i - 57 = -2*k - 2*k. Suppose -4*w + 0*w + k = 0. Let v(t) = -t + 3*t**3 + 6*t**2 - 4*t**3 - 2*t**2. Determine v(w).
6
Suppose -y = 4*y - 2*x - 14, 2*y + 2*x = 0. Suppose q + 3 = 3*q + l, -y*l = 2*q - 2. Let k(n) = 4*n - 2. Determine k(q).
6
Let z(m) = -m**3 - 6*m**2 - 6*m + 4. Let j(d) = d**3 + 10*d**2 + 2*d + 15. Suppose -3 - 7 = n. Let q be j(n). Calculate z(q).
9
Let r(y) = -y - 5. Suppose 0*x - 35 = 7*x. Determine r(x).
0
Let w(x) = x**3 - 5*x**2 - 5*x - 5. Let b(i) = i**2 - i. Let h be b(3). Determine w(h).
1
Let m(z) = z**3. Suppose 0 = -x + 2 + 3. Let h = x + -6. Let n(w) = 2*w**3 + w**2 - 5*w - 3. Let t(k) = h*m(k) + n(k). Give t(-3).
-6
Let x(d) = d**3 + 6*d**2 + 3*d + 8. Let l = -1 - 5. Give x(l).
-10
Let u(v) be the second derivative of -v**3/6 - 5*v. Calculate u(5).
-5
Let p(g) = -2*g + 2*g**3 + 1 - 2*g**2 - g**3 + 0*g**3. Let t = 5 + -2. Give p(t).
4
Let o(q) = 7*q**2 + 8*q - 1. Let a(p) = 3*p**2 + 4*p - 1. Let x(g) = -5*a(g) + 2*o(g). What is x(-6)?
-9
Let a(q) be the second derivative of -1/6*q**3 + q**2 + 0 - 3*q. What is a(6)?
-4
Let b(n) = -n**2 + 7*n - 7. Let i(l) = -l**2 + 15*l - 15. Suppose -2*q + 55 = 2*d + 3*d, 4*q = -20. Let w(v) = d*b(v) - 6*i(v). Determine w(1).
-7
Let m(y) = y**3 + 5*y**2 + 4. Let b be (0/(-1 - 0))/3. Suppose b*a = a + 5. Calculate m(a).
4
Suppose 0 = 5*n - 3*u + 7, -u - u + 3 = -5*n. Let x(l) = -3*l**3 - l**2 + l. Determine x(n).
-3
Let j(v) = v**3 - 3*v**2 + v + 2. Let l be j(3). Suppose -l*d + 24 = -d. Let w(s) = -s**3 + 2*s**2 - d*s**2 + 0*s**3 + 1 - s. What is w(-3)?
-5
Let s(y) = -y**3 + y**2 + 7*y - 3. Let t(z) = -3*z**3 + 4*z**2 + 21*z - 10. Let h(m) = 8*s(m) - 3*t(m). Determine h(5).
-4
Let w(x) = 4*x - 2. Suppose 7*h + 1 = 4*h + 2*v, -h + 4*v + 13 = 0. Let a = -6 - h. Calculate w(a).
-14
Let q be (-22 + 19)*20/6. Let w(o) = -o - 20. Determine w(q).
-10
Let d(b) = b + 1. Let l = 0 - -1. Suppose 0 = -2*v + v + l. What is d(v)?
2
Let b(l) = 2*l + 3. Let f = 9 - 9. Suppose y = -3*n + 4, f*y - 3*n = -y - 14. Let g(a) = 2*a + 4. Let t(x) = y*b(x) + 4*g(x). Give t(-2).
5
Let j(g) = 2*g**2 - 2*g + 4. Let z(t) = -t**3 - t**2 + 2*t. Let p(b) = -j(b) - z(b). Calculate p(3).
14
Let t(a) = 11*a**3 - 3*a**2 + 5*a + 5. Let b(y) = -5*y**3 + y**2 - 2*y - 2. Let j(z) = 5*b(z) + 2*t(z). Suppose -1 = 4*g + 3. Give j(g).
2
Let h(u) = -u - 42 - u**2 - 44 + 85. Calculate h(3).
-13
Let c = 3 + 3. Suppose c*k - 60 = 3*k. Let m be (-2)/4 + k/(-8). Let s(a) = a**2 + a. Give s(m).
6
Let r = -3 + 6. Suppose 0*u = -r*u + 9. Let d(z) be the first derivative of -z**4/4 + 2*z**3/3 - z - 2. Calculate d(u).
-10
Let t(w) = -9*w**3 + w**2 - 1. Let u = 29 - 17. Let d be (1/4)/(3/u). What is t(d)?
-9
Let v(s) = -s**2 - s - 7. Let w(f) = -f + 1. Let j(g) = -v(g) - 6*w(g). Let l be (-1)/3 - 34/6. Give j(l).
-5
Let s(y) be the third derivative of y**5/30 - y**4/8 + y**3/3 + 5*y**2. Give s(2).
4
Let k(s) = -7. Let u(c) = 7*c + 6. Let d(o) = 8*o + 6. Let q(m) = 6*d(m) - 7*u(m). Let f(g) = -4*k(g) + 5*q(g). What is f(-2)?
8
Let b be (-3)/(-3) + (1 - 1). Suppose g + b = -3. Let a(m) be the second derivative of -m**4/12 - m**3/6 + 3*m**2/2 + 7*m. Calculate a(g).
-9
Let s(y) = y**3 + 4*y**2 - 4*y + 3. Let g(a) = 11*a**2 + a + 4. Let u(f) = 10*f**2 + 4. Let d(z) = 5*g(z) - 6*u(z). Let k(l) = 3*d(l) + 4*s(l). Determine k(1).
4
Let r(f) = -7*f - 5. Let j(a) = 13*a + 9. Let b(d) = 6*j(d) + 11*r(d). What is b(6)?
5
Let t(s) = 3*s - 6. Let u(h) be the first derivative of -h**2 + 5*h + 1. Let l(y) = 3*t(y) + 4*u(y). What is l(0)?
2
Let y(s) = 4*s**3 - s**2. Let f be 37/(-7) + (-4)/(-14). Let c(p) = -p**2 - 4*p + 4. Let n be c(f). Calculate y(n).
-5
Let c(u) be the first derivative of -1/3*u**3 + 1 - 2*u - 2*u**2. Determine c(-4).
-2
Let d be 0/(-2*1*-1). Suppose 2*u + 2 + 8 = d. Let k(i) = 2*i + 1. Calculate k(u).
-9
Suppose 2*i + 4*f = 7*i - 26, -2 = 3*i + 2*f. Let m(v) = 2*v**2 + 3*v + 0*v + i - v**2. Calculate m(-3).
2
Let b(l) = 2*l - 4. Let j(k) be the third derivative of -5/24*k**4 + 0*k**3 + 0 - 3*k**2 + 0*k. Let f be j(-1). What is b(f)?
6
Let o(w) = -w**2 + w - 1. Suppose -5*t - 8 + 38 = 0. Let u = -7 + t. Let b = u - -3. Calculate o(b).
-3
Let f(d) = -4*d**2 + 4*d + 1. Let z(u) = u**2. Let m(